he highest common divisor of 7171 and 142?
71
What is the highest common divisor of 3595499 and 367?
367
Calculate the greatest common factor of 1156113 and 28.
7
Calculate the highest common factor of 592296 and 444.
444
Calculate the greatest common factor of 7590 and 67551.
759
What is the greatest common divisor of 42 and 952833?
21
What is the highest common factor of 52 and 43082?
26
Calculate the highest common factor of 24388 and 12.
4
Calculate the highest common divisor of 6372 and 64251.
531
What is the greatest common factor of 11457 and 855?
171
Calculate the highest common divisor of 468 and 85878.
234
What is the greatest common divisor of 582568 and 56?
56
What is the greatest common factor of 240 and 27024?
48
Calculate the highest common divisor of 378432 and 1566.
54
What is the highest common factor of 684 and 2332212?
228
What is the greatest common divisor of 66555 and 17?
17
Calculate the highest common factor of 1445 and 2295.
85
Calculate the greatest common factor of 2808 and 637.
13
Calculate the greatest common factor of 270 and 110.
10
What is the greatest common divisor of 2587897 and 338?
169
What is the greatest common divisor of 711 and 279?
9
Calculate the highest common factor of 2697 and 27249.
93
What is the greatest common factor of 45 and 393750?
45
Calculate the greatest common factor of 274 and 57814.
274
What is the highest common factor of 188922 and 138?
138
Calculate the greatest common divisor of 2329 and 119.
17
Calculate the greatest common factor of 3 and 32019.
3
Calculate the highest common factor of 25047 and 264.
33
Calculate the highest common divisor of 44 and 87840.
4
Calculate the highest common factor of 45334 and 7220.
38
What is the highest common divisor of 8 and 33608?
8
What is the highest common factor of 227 and 15?
1
What is the greatest common divisor of 26328 and 36?
12
What is the highest common factor of 727573 and 847?
847
What is the greatest common divisor of 120 and 567540?
60
Calculate the greatest common factor of 699510 and 210.
210
What is the highest common factor of 4088 and 1767038?
1022
Calculate the greatest common factor of 12609 and 27567.
27
What is the highest common divisor of 9048 and 345564?
348
Calculate the highest common divisor of 3220 and 2990.
230
What is the highest common divisor of 26967 and 5151?
303
Calculate the highest common divisor of 35 and 5901.
7
What is the greatest common divisor of 70 and 25858?
14
What is the highest common divisor of 9900 and 308?
44
Calculate the greatest common divisor of 124845 and 123.
123
Calculate the highest common divisor of 516 and 130892.
172
What is the greatest common factor of 19112 and 40?
8
Calculate the greatest common factor of 2510 and 590.
10
What is the highest common divisor of 91 and 4399031?
91
What is the greatest common divisor of 20735 and 4290?
715
What is the highest common divisor of 90080 and 80?
80
What is the greatest common divisor of 74 and 1482220?
74
What is the greatest common factor of 15665 and 10049?
13
What is the highest common factor of 385 and 39193?
77
Calculate the highest common divisor of 15543 and 1782.
99
What is the highest common factor of 385 and 4389?
77
Calculate the greatest common factor of 11 and 28467329.
11
Calculate the greatest common divisor of 12089 and 3850.
77
Calculate the highest common divisor of 2314 and 5340.
178
Calculate the highest common factor of 158475 and 30.
15
Calculate the greatest common divisor of 20 and 31090.
10
What is the highest common divisor of 76776 and 840?
168
Calculate the greatest common divisor of 261060 and 1520.
380
Calculate the greatest common factor of 48185 and 230.
115
Calculate the greatest common divisor of 2240 and 4471040.
2240
Calculate the greatest common divisor of 266727 and 201.
201
Calculate the greatest common factor of 113104 and 16.
16
What is the highest common factor of 418251 and 187?
17
What is the greatest common divisor of 2528470 and 410?
410
Calculate the greatest common factor of 5 and 16795.
5
Calculate the greatest common divisor of 608 and 196688.
304
Calculate the greatest common factor of 187 and 9197.
17
Calculate the greatest common divisor of 5780 and 8585.
85
Calculate the highest common factor of 11 and 1583747.
11
What is the highest common divisor of 22352 and 136?
8
What is the greatest common factor of 58650 and 3550?
50
Calculate the highest common divisor of 32 and 522248.
8
Calculate the greatest common divisor of 5900 and 3776.
236
What is the highest common divisor of 1081 and 96021?
47
Calculate the greatest common factor of 1780 and 124956.
356
Calculate the greatest common factor of 1599 and 12519.
39
What is the highest common divisor of 2583 and 8382696?
861
Calculate the highest common factor of 232386 and 132.
66
Calculate the highest common divisor of 5008 and 13459.
313
Calculate the greatest common factor of 1045 and 33535.
95
Calculate the greatest common divisor of 629020 and 1400.
140
Calculate the highest common factor of 9108 and 2035.
11
What is the greatest common factor of 1078 and 9790?
22
What is the greatest common divisor of 1290 and 41388?
6
What is the greatest common factor of 88 and 156068?
44
What is the greatest common factor of 45 and 218133?
9
Calculate the greatest common factor of 1 and 21971.
1
What is the greatest common divisor of 33330 and 35754?
606
What is the greatest common factor of 383904 and 31?
31
Calculate the greatest common divisor of 108642 and 6156.
114
Calculate the greatest common factor of 4746 and 197976.
678
Calculate the greatest common factor of 12550 and 1150.
50
Calculate the highest common factor of 7799 and 2607.
11
Calculate the greatest common factor of 48 and 28836.
12
Calculate the highest common factor of 23 and 126155.
23
What is the greatest common divisor of 132392 and 6536?
152
Calculate the greatest common factor of 6801655 and 10420.
2605
What is the greatest common divisor of 240 and 96540?
60
Calculate the greatest common factor of 180 and 92790.
90
Calculate the greatest common divisor of 5198 and 115034.
226
What is the greatest common divisor of 19 and 89392?
1
Calculate the highest common factor of 3565 and 4715.
115
What is the highest common divisor of 963736 and 144?
8
Calculate the highest common divisor of 6810 and 15870.
30
Calculate the greatest common divisor of 429252 and 18.
6
Calculate the highest common divisor of 72 and 36666.
18
What is the highest common factor of 1252541 and 491?
491
Calculate the highest common factor of 6741 and 13803.
321
What is the highest common divisor of 306 and 3468?
102
Calculate the greatest common divisor of 87 and 144043.
29
Calculate the greatest common divisor of 8796816 and 32.
16
What is the highest common factor of 450 and 1891035?
45
What is the highest common factor of 66 and 4972?
22
Calculate the greatest common divisor of 1684 and 813793.
421
What is the highest common factor of 322704 and 6474?
498
Calculate the greatest common factor of 1460 and 10366.
146
Calculate the highest common divisor of 572 and 287859.
143
What is the highest common divisor of 16 and 106768?
16
What is the greatest common divisor of 9416 and 56?
8
Calculate the greatest common factor of 199702 and 7998.
62
Calculate the greatest common factor of 111 and 586561.
37
Calculate the greatest common factor of 2271 and 960.
3
Calculate the highest common divisor of 21 and 5748.
3
Calculate the greatest common divisor of 2520 and 12040.
280
Calculate the greatest common divisor of 54 and 1878.
6
Calculate the greatest common factor of 1353 and 2453.
11
Calculate the greatest common factor of 740 and 2468.
4
What is the greatest common divisor of 7 and 1161?
1
What is the greatest common divisor of 24 and 895704?
24
Calculate the greatest common factor of 7900 and 6004.
316
Calculate the greatest common factor of 15 and 12318.
3
Calculate the greatest common divisor of 1526308 and 42.
14
What is the greatest common divisor of 12914 and 418?
22
What is the highest common factor of 7003 and 10199?
47
What is the greatest common divisor of 34436 and 48?
4
Calculate the greatest common divisor of 476904 and 15624.
744
Calculate the greatest common divisor of 2211 and 24.
3
W